atest common divisor of 154812 and 68676?
1164
What is the highest common divisor of 100 and 11875?
25
Calculate the greatest common divisor of 26978916 and 12.
12
What is the greatest common factor of 38 and 20881?
19
Calculate the greatest common factor of 517060 and 140.
20
What is the greatest common divisor of 905 and 170321?
181
What is the highest common divisor of 78751 and 366?
61
Calculate the greatest common factor of 18038 and 232.
58
Calculate the greatest common factor of 120 and 21768.
24
What is the highest common factor of 2130 and 156768?
426
Calculate the highest common divisor of 1760 and 66990.
110
What is the highest common divisor of 15 and 55?
5
Calculate the greatest common factor of 8673 and 12600.
21
Calculate the greatest common factor of 3886 and 4824.
134
What is the highest common divisor of 109 and 70523?
109
Calculate the greatest common factor of 8989 and 101.
101
Calculate the greatest common divisor of 2558 and 98.
2
What is the highest common divisor of 12 and 1008906?
6
Calculate the highest common factor of 87618 and 306.
102
What is the highest common divisor of 7010 and 2560?
10
Calculate the greatest common divisor of 71430 and 300.
30
Calculate the highest common factor of 393756 and 165.
33
What is the highest common divisor of 97603 and 22?
11
What is the greatest common divisor of 387 and 13373?
43
What is the greatest common divisor of 820 and 82410?
410
Calculate the greatest common divisor of 8505 and 5229.
63
What is the highest common divisor of 10759 and 667?
29
Calculate the greatest common factor of 13 and 1479374.
13
Calculate the highest common divisor of 123 and 79581.
123
What is the highest common factor of 377186 and 412?
206
Calculate the greatest common factor of 2880224 and 96.
32
Calculate the greatest common factor of 3509 and 23232.
121
Calculate the greatest common factor of 18 and 5798.
2
What is the highest common divisor of 245 and 2905?
35
Calculate the greatest common divisor of 1161 and 8213.
43
Calculate the greatest common divisor of 588 and 1096816.
196
Calculate the greatest common divisor of 277560 and 216.
216
Calculate the greatest common divisor of 3112257 and 57.
57
What is the highest common divisor of 333 and 61679?
37
What is the greatest common divisor of 12364 and 44?
44
What is the greatest common divisor of 10245 and 15?
15
What is the highest common factor of 280 and 64330?
70
What is the greatest common factor of 79690 and 130?
130
What is the greatest common divisor of 292 and 1086532?
292
What is the greatest common divisor of 1572 and 3930?
786
Calculate the highest common divisor of 507 and 90.
3
What is the greatest common factor of 30652 and 2844?
316
Calculate the highest common divisor of 6288 and 26331.
393
Calculate the highest common factor of 11639 and 3277.
113
What is the greatest common divisor of 526014 and 63?
9
What is the greatest common divisor of 2626 and 52?
26
What is the greatest common factor of 9500 and 1005575?
475
What is the greatest common factor of 5668 and 1300?
52
What is the greatest common divisor of 749 and 151405?
107
Calculate the greatest common divisor of 309 and 156560.
103
Calculate the greatest common factor of 146530 and 25.
5
Calculate the greatest common factor of 642 and 242890.
214
Calculate the greatest common divisor of 1186 and 20.
2
Calculate the greatest common divisor of 72 and 1743.
3
What is the greatest common factor of 272 and 10642?
34
What is the greatest common factor of 1 and 158236?
1
Calculate the greatest common factor of 146267 and 539.
11
What is the greatest common factor of 3582 and 132?
6
What is the highest common factor of 119152 and 66?
22
Calculate the highest common divisor of 62445 and 345.
345
What is the greatest common divisor of 43092 and 476?
28
What is the greatest common divisor of 90224 and 544?
16
What is the greatest common divisor of 129784 and 8?
8
What is the greatest common divisor of 43772 and 124?
124
What is the greatest common divisor of 53086 and 4598?
418
Calculate the highest common factor of 4408 and 348.
116
Calculate the greatest common divisor of 4 and 14332.
4
Calculate the greatest common divisor of 47 and 63450.
47
What is the highest common divisor of 22884 and 23292?
12
Calculate the highest common factor of 720 and 169056.
144
Calculate the highest common divisor of 28 and 7433188.
28
What is the highest common divisor of 804 and 2577021?
201
Calculate the highest common divisor of 1764 and 2212.
28
What is the greatest common divisor of 29820 and 2730?
210
What is the greatest common divisor of 5 and 102215?
5
Calculate the highest common divisor of 63 and 26544.
21
What is the highest common divisor of 221583 and 3495?
699
Calculate the highest common factor of 397428 and 20.
4
What is the highest common factor of 41881 and 868?
217
What is the greatest common divisor of 4 and 242908?
4
What is the greatest common factor of 328 and 4304836?
164
What is the greatest common divisor of 3543 and 327?
3
What is the highest common factor of 12 and 725124?
12
What is the greatest common divisor of 3553946 and 22?
22
What is the highest common divisor of 32 and 11816?
8
What is the highest common divisor of 26268 and 4812?
12
What is the highest common factor of 40719 and 1029?
147
What is the highest common factor of 135 and 95310?
135
What is the greatest common factor of 88239 and 603?
201
What is the highest common factor of 168 and 1410654?
42
Calculate the greatest common divisor of 292 and 20951.
73
What is the highest common factor of 14 and 2480597?
7
Calculate the greatest common factor of 2480355 and 57.
57
Calculate the highest common divisor of 2372450 and 50.
50
Calculate the greatest common factor of 1680 and 1642830.
210
Calculate the highest common factor of 308 and 59521.
77
What is the greatest common factor of 165844 and 196?
28
Calculate the highest common divisor of 10693 and 165427.
629
What is the greatest common divisor of 31678 and 1645?
47
Calculate the highest common factor of 65904 and 960.
48
Calculate the greatest common divisor of 1815 and 103213.
121
What is the highest common divisor of 10 and 15290?
10
Calculate the greatest common divisor of 959745 and 6.
3
Calculate the greatest common factor of 5808 and 9273.
33
Calculate the greatest common factor of 999668 and 272.
68
What is the highest common divisor of 5070 and 318?
6
What is the greatest common divisor of 1536 and 337344?
192
Calculate the highest common factor of 143 and 104104.
143
Calculate the greatest common divisor of 244 and 3932792.
244
What is the highest common factor of 55 and 2259785?
55
What is the highest common factor of 8064 and 679168?
896
Calculate the greatest common factor of 85337 and 52633.
511
Calculate the greatest common factor of 1458 and 7155.
27
Calculate the greatest common factor of 308 and 404.
4
What is the greatest common divisor of 177839 and 1?
1
Calculate the highest common divisor of 294 and 122262.
42
What is the greatest common factor of 201418 and 28?
14
Calculate the greatest common divisor of 548071 and 319.
29
What is the greatest common divisor of 3087 and 234?
9
Calculate the greatest common divisor of 49 and 1750.
7
What is the highest common factor of 25 and 22815?
5
Calculate the greatest common factor of 1435740 and 60.
60
Calculate the highest common divisor of 752521 and 64757.
2233
What is the highest common factor of 10 and 314?
2
What is the greatest common divisor of 16023 and 735?
147
Calculate the highest common factor of 227608 and 92.
92
What is the highest common divisor of 140 and 63805?
35
Calculate the highest common divisor of 775502 and 112.
14
Calculate the highest common divisor of 120 and 446280.
120
Calculate the greatest common factor of 34 and 272612.
34
Calculate the highest common divisor of 473 and 14487.
11
Calculate the greatest common factor of 105 and 362495.
35
What is the greatest common divisor of 480 and 5505?
15
What is the greatest common factor of 1372186 and 303?
101
What is the greatest common factor of 1116 and 1164?
12
Calculate the highest common divisor of 100614 and 41.
41
What is the greatest common divisor of 32 and 40444?
4
What is the greatest common divisor of 5